{"id":5113,"date":"2023-09-11T21:56:09","date_gmt":"2023-09-12T00:56:09","guid":{"rendered":"https:\/\/cambioex.com.br\/home\/?page_id=5113"},"modified":"2023-09-19T23:18:20","modified_gmt":"2023-09-20T02:18:20","slug":"parceiro-oficial-ouro-minas","status":"publish","type":"page","link":"https:\/\/cambioex.com.br\/home\/parceiro-oficial-ouro-minas\/","title":{"rendered":"Parceiro Oficial Ouro Minas"},"content":{"rendered":"<p>[vc_section css=&#8221;.vc_custom_1694485028054{background-color: #eeeeee !important;}&#8221;][vc_row][vc_column width=&#8221;2\/3&#8243;]<style type=\"text\/css\">#ut_custom_heading69d2306ee62cb { text-align:left; }@media (min-width: 768px) and (max-width: 1024px) { #ut_custom_heading69d2306ee62cb { text-align:left; } }@media (max-width: 767px) { #ut_custom_heading69d2306ee62cb { text-align:left; } }<\/style><h3 id=\"ut_custom_heading69d2306ee62cb\" class=\"ut-custom-heading-module  ut-animate-element animated ut-no-animation-tablet ut-no-animation-mobile \" data-effect=\"fadeInDown\" data-animateonce=\"yes\" data-delay=\"0\"><span class=\"\" >O ouro resiste ao teste do tempo, repetidas vezes. \u00c9 imune \u00e0 infla\u00e7\u00e3o, riscos financeiros e banc\u00e1rios. Ele brilha em tempos incertos e \u00e9 uma das maneiras mais seguras e<br \/>\ninteligentes de investir e construir a riqueza de uma pessoa ao longo do tempo.<br \/>\n<\/span><\/h3><div class=\"wpb_content_element \"><style class=\"bklyn-inline-styles\" type=\"text\/css\">#ut_fl_69d2306ee7252743471073.bklyn-fancy-list { font-size: 14px !important; }#ut_fl_69d2306ee7252743471073 ul { list-style-type: square; }<\/style><div id=\"ut_fl_69d2306ee7252743471073\" class=\"bklyn-fancy-list  bklyn-fancy-list-left bklyn-fancy-list-tablet-left bklyn-fancy-list-mobile-center\"><ul class=\"bklyn-list  bklyn-fancy-list-animated\" data-appear-top-offset=\"almost\"><li class=\"bklyn-list-item-space-xsmall\"><span><span>O ouro \u00e9 usado como protetor de riqueza h\u00e1 mais de 6.000 anos e sempre reter\u00e1 seu valor.<\/span><\/a><\/span><\/li><li class=\"bklyn-list-item-space-xsmall\"><span><span>O ouro tem sido usado como moeda h\u00e1 milhares de anos e foi universalmente aceito por todas as civiliza\u00e7\u00f5es.<\/span><\/a><\/span><\/li><li class=\"bklyn-list-item-space-xsmall\"><span><span>Os pre\u00e7os do ouro n\u00e3o s\u00e3o ditados pelos governos ou bancos centrais.<\/span><\/a><\/span><\/li><li class=\"bklyn-list-item-space-xsmall\"><span><span>O ouro em forma f\u00edsica pertence ao comprador, ao contr\u00e1rio dos ativos digitais, n\u00e3o possui risco de contraparte.<\/span><\/a><\/span><\/li><li class=\"bklyn-list-item-space-xsmall\"><span><span>O ouro demonstrou que, apesar da volatilidade, mant\u00e9m seu poder de compra constante ao\u00a0longo\u00a0do\u00a0tempo.<\/span><\/a><\/span><\/li><\/ul><\/div><\/div><style type=\"text\/css\">#bklyn_btn_69d2306ee73ca .bklyn-btn { background-color:#004032 !important; }#bklyn_btn_69d2306ee73ca .bklyn-btn:hover{ background-color:#004032 !important; }#bklyn_btn_69d2306ee73ca .bklyn-btn:focus{ background-color:#004032 !important; }#bklyn_btn_69d2306ee73ca .bklyn-btn:active { background-color:#004032 !important; }#bklyn_btn_69d2306ee73ca .bklyn-btn::before{ background-color:#0040070 !important; }<\/style><div id=\"bklyn_btn_69d2306ee73ca\" class=\"bklyn-btn-holder  bklyn-btn-left\"><a title=\"Clique para falar conosco\"   href=\"https:\/\/wa.me\/5562983222000\" target=\" _blank\" class=\"bklyn-btn bklyn-btn-with-effect bklyn-btn-effect-aylen bklyn-btn-icon-left bklyn-btn-large\" ><i class=\"fa fa-whatsapp\"><\/i><span class=\"ut-btn-text\">FALE CONOSCO<\/span><\/a><\/div>[\/vc_column][vc_column width=&#8221;1\/3&#8243; css=&#8221;.vc_custom_1694484617230{margin-top: -25px !important;}&#8221;]<div  class=\"wpb_content_element   clearfix\"><style type=\"text\/css\">#ut_am_69d2306ee779f { opacity: 1; }#ut_am_wrap_69d2306ee77a0 .ut-image-gallery-item-caption-title h3 { letter-spacing: 0em; }#ut_am_wrap_69d2306ee77a0 .ut-gallery-slider-caption { font-weight: bold; }#ut_am_wrap_69d2306ee77a0 { text-align: left; }@media (min-width: 768px) and (max-width: 1024px) { #ut_am_wrap_69d2306ee77a0 { text-align: left !important; } }@media (max-width: 767px) { #ut_am_wrap_69d2306ee77a0 { text-align: center !important; } }<\/style><div id=\"ut_am_wrap_69d2306ee77a0\" class=\"ut-image-gallery-image \"><div id=\"ut_reveal_69d2306ee77a1\"  data-appear-top-offset=\"auto\" class=\"ut-animated-image-item ut-image-gallery-item ut-animation-done \"><a class=\"ut-deactivated-link\" href=\"#\"><div class=\"ut-animated-image-zoom\"><img class=\"ut-lazy skip-lazy ut-animated-image\"  id=\"ut_am_69d2306ee779f\" src=\"data:image\/svg+xml;charset=utf-8,%3Csvg xmlns%3D'http%3A%2F%2Fwww.w3.org%2F2000%2Fsvg' viewBox%3D'0 0 558 631'%2F%3E\" data-src=\"https:\/\/cambioex.com.br\/home\/wp-content\/uploads\/2023\/09\/img-pagina.png\" width=\"558\" height=\"631\" alt=\"\"\/><\/div><\/a><\/div><\/div><\/div>[\/vc_column][\/vc_row][vc_row css=&#8221;.vc_custom_1695173167921{background-color: #d2d2d2 !important;}&#8221;][vc_column width=&#8221;1\/4&#8243;]<div  class=\"wpb_content_element   clearfix\"><style type=\"text\/css\">#ut_am_69d2306ee7a9d { opacity: 1; }#ut_am_wrap_69d2306ee7a9e .ut-image-gallery-item-caption-title h3 { letter-spacing: 0em; }#ut_am_wrap_69d2306ee7a9e .ut-gallery-slider-caption { font-weight: bold; }#ut_am_wrap_69d2306ee7a9e { text-align: left; }@media (min-width: 768px) and (max-width: 1024px) { #ut_am_wrap_69d2306ee7a9e { text-align: left !important; } }@media (max-width: 767px) { #ut_am_wrap_69d2306ee7a9e { text-align: center !important; } }<\/style><div id=\"ut_am_wrap_69d2306ee7a9e\" class=\"ut-image-gallery-image \"><div id=\"ut_reveal_69d2306ee7a9f\"  data-appear-top-offset=\"auto\" class=\"ut-animated-image-item ut-image-gallery-item ut-animation-done \"><a class=\"ut-deactivated-link\" href=\"#\"><div class=\"ut-animated-image-zoom\"><img class=\"ut-lazy skip-lazy ut-animated-image\"  id=\"ut_am_69d2306ee7a9d\" src=\"data:image\/svg+xml;charset=utf-8,%3Csvg xmlns%3D'http%3A%2F%2Fwww.w3.org%2F2000%2Fsvg' viewBox%3D'0 0 800 800'%2F%3E\" data-src=\"https:\/\/cambioex.com.br\/home\/wp-content\/uploads\/2023\/09\/secao03-ouro.png\" width=\"800\" height=\"800\" alt=\"\"\/><\/div><\/a><\/div><\/div><\/div>[\/vc_column][vc_column width=&#8221;3\/4&#8243; css=&#8221;.vc_custom_1694484617230{margin-top: -25px !important;}&#8221;]<style type=\"text\/css\">#ut_custom_heading69d2306ee7b02 { text-align:left; }@media (min-width: 768px) and (max-width: 1024px) { #ut_custom_heading69d2306ee7b02 { text-align:left; } }@media (max-width: 767px) { #ut_custom_heading69d2306ee7b02 { text-align:left; } }<\/style><h2 id=\"ut_custom_heading69d2306ee7b02\" class=\"ut-custom-heading-module  ut-animate-element animated ut-no-animation-tablet ut-no-animation-mobile \" data-effect=\"fadeInDown\" data-animateonce=\"yes\" data-delay=\"0\"><span class=\"\" >6 MOTIVOS PARA INVESTIR EM OURO!<br \/>\n<\/span><\/h2><div class=\"wpb_content_element \"><style class=\"bklyn-inline-styles\" type=\"text\/css\">#ut_fl_69d2306ee8731468023503.bklyn-fancy-list { font-size: 14px !important; }#ut_fl_69d2306ee8731468023503 ul { list-style-type: none; }<\/style><div id=\"ut_fl_69d2306ee8731468023503\" class=\"bklyn-fancy-list  bklyn-fancy-list-left bklyn-fancy-list-tablet-left bklyn-fancy-list-mobile-center\"><ul class=\"bklyn-list bklyn-list-style-none bklyn-fancy-list-animated\" data-appear-top-offset=\"almost\"><li class=\"bklyn-list-item-space-xsmall\"><span><span>1. \u00c9 a \u00fanica moeda que n\u00e3o est\u00e1 sob o controle de qualquer governo e, portanto, n\u00e3o sofre inger\u00eancia governamental.<\/span><\/a><\/span><\/li><li class=\"bklyn-list-item-space-xsmall\"><span><span>2. Os excessos de liquidez e de dinheiro na economia cria infla\u00e7\u00e3o ou infla\u00e7\u00e3o potencial, desvalorizando ou criando potencial para a desvaloriza\u00e7\u00e3o das moedas que circulam em excesso.<\/span><\/a><\/span><\/li><li class=\"bklyn-list-item-space-xsmall\"><span><span>3. O ouro \u00e9 um valor seguro sempre, enquanto a\u00e7\u00f5es de empresas e outras modalidades de investimentos sofrem bastante em cen\u00e1rios de crise.<\/span><\/a><\/span><\/li><li class=\"bklyn-list-item-space-xsmall\"><span><span>4. A descoberta do ouro como investimento em economias emergentes vem aumentando.<\/span><\/a><\/span><\/li><li class=\"bklyn-list-item-space-xsmall\"><span><span>5. O ouro \u00e9 um investimento de alt\u00edssima liquidez. Existem muito poucos outros investimentos que podem reverter-se em dinheiro de maneira t\u00e3o r\u00e1pida como o ouro: sem penaliza\u00e7\u00f5es, sem espera de tempo, sem condi\u00e7\u00f5es adicionais.<\/span><\/a><\/span><\/li><li class=\"bklyn-list-item-space-xsmall\"><span><span>6. O ouro adquirido de institui\u00e7\u00f5es financeiras no Brasil \u00e9 definido na Constitui\u00e7\u00e3o como ativo financeiro, estando sujeito \u00e0 tributa\u00e7\u00e3o incidente sobre a\u00a0renda\u00a0vari\u00e1vel.<\/span><\/a><\/span><\/li><\/ul><\/div><\/div><style type=\"text\/css\">#bklyn_btn_69d2306ee8881 .bklyn-btn { background-color:#004032 !important; }#bklyn_btn_69d2306ee8881 .bklyn-btn:hover{ background-color:#004032 !important; }#bklyn_btn_69d2306ee8881 .bklyn-btn:focus{ background-color:#004032 !important; }#bklyn_btn_69d2306ee8881 .bklyn-btn:active { background-color:#004032 !important; }#bklyn_btn_69d2306ee8881 .bklyn-btn::before{ background-color:#0040070 !important; }<\/style><div id=\"bklyn_btn_69d2306ee8881\" class=\"bklyn-btn-holder  bklyn-btn-left\"><a title=\"Clique para falar conosco\"   href=\"https:\/\/wa.me\/5562983222000\" target=\" _blank\" class=\"bklyn-btn bklyn-btn-with-effect bklyn-btn-effect-aylen bklyn-btn-icon-left bklyn-btn-large\" ><i class=\"fa fa-whatsapp\"><\/i><span class=\"ut-btn-text\">FALE CONOSCO<\/span><\/a><\/div>[\/vc_column][\/vc_row][\/vc_section]<\/p>\n","protected":false},"excerpt":{"rendered":"<p>[vc_section css=&#8221;.vc_custom_1694485028054{background-color: #eeeeee !important;}&#8221;][vc_row][vc_column width=&#8221;2\/3&#8243;][\/vc_column][vc_column width=&#8221;1\/3&#8243; css=&#8221;.vc_custom_1694484617230{margin-top: -25px !important;}&#8221;][\/vc_column][\/vc_row][vc_row css=&#8221;.vc_custom_1695173167921{background-color: #d2d2d2 !important;}&#8221;][vc_column width=&#8221;1\/4&#8243;][\/vc_column][vc_column width=&#8221;3\/4&#8243; css=&#8221;.vc_custom_1694484617230{margin-top: -25px !important;}&#8221;][\/vc_column][\/vc_row][\/vc_section]<\/p>\n","protected":false},"author":1,"featured_media":0,"parent":0,"menu_order":0,"comment_status":"closed","ping_status":"closed","template":"","meta":[],"_links":{"self":[{"href":"https:\/\/cambioex.com.br\/home\/wp-json\/wp\/v2\/pages\/5113"}],"collection":[{"href":"https:\/\/cambioex.com.br\/home\/wp-json\/wp\/v2\/pages"}],"about":[{"href":"https:\/\/cambioex.com.br\/home\/wp-json\/wp\/v2\/types\/page"}],"author":[{"embeddable":true,"href":"https:\/\/cambioex.com.br\/home\/wp-json\/wp\/v2\/users\/1"}],"replies":[{"embeddable":true,"href":"https:\/\/cambioex.com.br\/home\/wp-json\/wp\/v2\/comments?post=5113"}],"version-history":[{"count":51,"href":"https:\/\/cambioex.com.br\/home\/wp-json\/wp\/v2\/pages\/5113\/revisions"}],"predecessor-version":[{"id":5175,"href":"https:\/\/cambioex.com.br\/home\/wp-json\/wp\/v2\/pages\/5113\/revisions\/5175"}],"wp:attachment":[{"href":"https:\/\/cambioex.com.br\/home\/wp-json\/wp\/v2\/media?parent=5113"}],"curies":[{"name":"wp","href":"https:\/\/api.w.org\/{rel}","templated":true}]}}